{"id":3,"date":"2023-02-22T13:45:17","date_gmt":"2023-02-22T13:45:17","guid":{"rendered":"https:\/\/swim-time.de\/?page_id=3"},"modified":"2024-04-12T15:03:23","modified_gmt":"2024-04-12T15:03:23","slug":"datenschutz","status":"publish","type":"page","link":"https:\/\/swim-time.de\/?page_id=3","title":{"rendered":"Datenschutz"},"content":{"rendered":"\n<p><strong>Erkl\u00e4rung zum Datenschutz<\/strong><\/p>\n\n\n\n<p><strong>Allgemeines<\/strong><\/p>\n\n\n\n<p class=\"has-blockme-black-color has-text-color has-link-color wp-elements-b8c7a5d1fcb25b56ff81025bb862d7d3\">Als Anbieter von IT-Dienstleistungen sehen wir es als unsere Pflicht an, die Daten unserer Kunden, Interessenten und den Besuchern unserer Internetpr\u00e4senz innerhalb unseres Einflussbereiches so gut wie m\u00f6glich zu sch\u00fctzen und vertraulich zu behandeln. Hierf\u00fcr haben wir die entsprechenden technischen und organisatorischen Vorkehrungen getroffen.<\/p>\n\n\n\n<p class=\"has-blockme-black-color has-text-color has-link-color wp-elements-91e3d67098da1fd02cf07bdd072c6b10\">So ist&nbsp;die Nutzung unserer Webseite ist in der Regel ohne Angabe personenbezogener Daten m\u00f6glich. Sollten auf unseren Seiten personenbezogene Daten (beispielsweise Name, Anschrift oder E-Mail-Adressen) erhoben werden, erfolgt dies, soweit m\u00f6glich, stets auf freiwilliger Basis.&nbsp;Diese Daten werden ohne Ihre ausdr\u00fcckliche Zustimmung nicht an Dritte weitergereicht. Allerdings muss darauf hingewiesen werden, dass die Daten\u00fcbertragung im Internet Sicherheitsl\u00fccken aufweisen und damit ein absoluter Schutz der Daten vor unbefugtem Zugriff Dritter nicht gew\u00e4hrleistet werden kann.&nbsp;\u00a7$\u00a7%<\/p>\n\n\n\n<p class=\"has-blockme-black-color has-text-color has-link-color wp-elements-858be5d94e9a61a2142aab0bf6abca03\">\u201ePers\u00f6nliche Daten\u201c sind alle Informationen, die die Identifizierung einer Person erm\u00f6glichen oder erleichtern. Weitere Begriffsbestimmungen, die in dieser Datenschutzerkl\u00e4rung verwendet werden, sind im Kapitel I Artikel 4 der Datenschutz- Grundverordnung der Europ\u00e4ischen Union vom 27. April 2016 (im Folgenden DSGVO genannt) zu finden.<\/p>\n\n\n\n<p class=\"has-blockme-black-color has-text-color has-link-color wp-elements-ad263f40d8559b6d2d287628d5b87fe1\">Verantwortlicher f\u00fcr die Datenverarbeitung auf dieser Website im Sinne der DSGVO ist Uwe Albert; Lange Str. 9; 09599 Freiberg; Deutschland, Tel.: +49 3731 201165; E-Mail: mail@computer-und-co.de.<\/p>\n\n\n\n<div style=\"height:45px\" aria-hidden=\"true\" class=\"wp-block-spacer\"><\/div>\n\n\n\n<p><strong>Datenerfassung und Nutzung<\/strong><\/p>\n\n\n\n<p class=\"has-blockme-black-color has-text-color has-link-color wp-elements-8c9a2e12e8450fdcec8ff50fd25f687f\">Im Allgemeinen nutzen wir die von Ihnen freiwillig zur Verf\u00fcgung gestellten Informationen (z. B. beim Ausf\u00fcllen eines Kontaktformulars auf einer unserer Websites oder bei einem Telefonat mit uns) nur f\u00fcr den Zweck, zu dem Sie diese pers\u00f6nlichen Daten zur Verf\u00fcgung gestellt haben.<\/p>\n\n\n\n<p class=\"has-blockme-black-color has-text-color has-link-color wp-elements-eb15dde31ebc1c97595ffc68290bbffb\">Weiterhin werden beim Besuch unserer Internetseiten nur solche Daten erhoben, die Ihr Browser an den Server der Website \u00fcbermittelt. Wenn Sie unsere Internetseiten aufrufen, k\u00f6nnen folgende technisch erforderlichen Daten erhoben und in Serverprotokollen gespeichert werden:&nbsp;\u00a7$\u00a7%<\/p>\n\n\n\n<ul>\n<li>die besuchte Website<\/li>\n\n\n\n<li>Website, von der Ihr Aufruf ausgeht<\/li>\n\n\n\n<li>Zeitpunkt des Zugriffs mit Datum und Uhrzeit<\/li>\n\n\n\n<li>\u00fcbertragene Datenmenge<\/li>\n\n\n\n<li>verwendeter Browser, Version und Spracheinstellung<\/li>\n\n\n\n<li>Status des Zugriffes<\/li>\n\n\n\n<li>Ihre IP-Adresse<\/li>\n\n\n\n<li>Ihr Betriebssystem<\/li>\n<\/ul>\n\n\n\n<p class=\"has-blockme-black-color has-text-color has-link-color wp-elements-65a07a3dc26ec61e458d993f3631b38b\">Die Verarbeitung dieser Daten erfolgt gem\u00e4\u00df Artikel 6 Abs. (1) der DSGVO auf Basis eines berechtigten Interesses an der Verbesserung der Stabilit\u00e4t und Funktionalit\u00e4t der Websites. Es besteht allerdings der Vorbehalt, die Server-Logfiles nachtr\u00e4glich zu \u00fcberpr\u00fcfen, sollten Anhaltspunkte f\u00fcr eine rechtswidrige Nutzung vorhanden sein.<\/p>\n\n\n\n<p class=\"has-blockme-black-color has-text-color has-link-color wp-elements-922e97333560b4f0c144ab9f9192a202\">Im Rahmen der Kontaktaufnahme mit uns (z.B. per Kontaktformular oder E-Mail) werden personenbezogene Daten erhoben. Im jeweiligen Kontaktformular sind diese Daten ersichtlich. Im Rahmen des \u201eberechtigten Interesses\u201c gem\u00e4\u00df DSGVO Artikel 6 Abs. 1 lit. f werden diese Daten ausschlie\u00dflich zum Zweck der Beantwortung Ihres Anliegens bzw. f\u00fcr die Kontaktaufnahme und die damit verbundene technische Administration gespeichert und verwendet. Ihre Daten werden nach abschlie\u00dfender Bearbeitung Ihrer Anfrage gel\u00f6scht. Dies ist der Fall, sofern sich aus den Umst\u00e4nden entnehmen l\u00e4sst, dass der betroffene Sachverhalt abschlie\u00dfend gekl\u00e4rt ist und au\u00dferdem keine gesetzlichen Aufbewahrungspflichten entgegenstehen.<\/p>\n\n\n\n<p><strong>Verwendung externer Links<\/strong><\/p>\n\n\n\n<p class=\"has-blockme-black-color has-text-color has-link-color wp-elements-84f22aea98916d0a7583f867015ac196\">Die Website kann Links zu Websites Dritter enthalten, die nicht mit uns verbunden sind. Sobald Sie einen solchen Link angeklickt haben, haben wir keine Kontrolle \u00fcber die Erfassung, Speicherung oder Verarbeitung m\u00f6glicher pers\u00f6nlicher Daten, die nach dem Anklicken des Lins \u00fcbertragen werden, z. B. die IP-Adresse oder die URL der Website mit dem Link. Folglich&nbsp;k\u00f6nnen wir keine Verantwortung f\u00fcr die Verarbeitung pers\u00f6nlicher Daten durch diese \u00fcbernehmen.<\/p>\n\n\n\n<p><strong>Cookies<\/strong><\/p>\n\n\n\n<p class=\"has-blockme-black-color has-text-color has-link-color wp-elements-e6c84bc8c2ea2b41ab9958c379d9d7c1\">Um den Besuch der Internetpr\u00e4senz attraktiv zu gestalten und die Nutzung bestimmter Funktionen zu erm\u00f6glichen, werden auf verschiedenen Seiten sogenannte Cookies verwendet. Hierbei handelt es sich um kleine Textdateien, die auf Ihrem Endger\u00e4t abgelegt werden. Einige dieser verwendeten Cookies werden nach dem Ende der Browser-Sitzung, also nach Schlie\u00dfen Ihres Browsers, wieder gel\u00f6scht (sog. Sitzungs-Cookies). Andere Cookies verbleiben auf Ihrem Endger\u00e4t und erm\u00f6glichen es, Ihren Browser beim n\u00e4chsten Besuch wiederzuerkennen (persistente Cookies). Werden Cookies gesetzt, erheben und verarbeiten diese im individuellen Umfang bestimmte Nutzerinformationen wie Browser- und Standortdaten sowie IP-Adresswerte. Persistente Cookies werden automatisiert nach einer vorgegebenen Dauer gel\u00f6scht, die sich je nach Cookie unterscheiden kann.<\/p>\n\n\n\n<p class=\"has-blockme-black-color has-text-color has-link-color wp-elements-de39a170a511e257edc31c4005d85403\">Bitte beachten Sie, dass Sie Ihren Browser so einstellen k\u00f6nnen, dass Sie \u00fcber das Setzen von Cookies informiert werden und einzeln \u00fcber deren Annahme entscheiden oder die Annahme von Cookies f\u00fcr bestimmte F\u00e4lle oder generell ausschlie\u00dfen k\u00f6nnen. Im Hilfemen\u00fc beziehungsweise unter den folgend genannten Links finden Sie die entsprechenden Informationen:<\/p>\n\n\n\n<p class=\"has-blockme-black-color has-text-color has-link-color wp-elements-c6c5883d22c9517d043e705ed4a1cb91\">Internet Explorer:<\/p>\n\n\n\n<figure class=\"wp-block-embed\"><div class=\"wp-block-embed__wrapper\">\nhttps:\/\/support.microsoft.com\/de-de\/help\/17442\/windows-internet-explorer-delete-manage-cookies\n<\/div><\/figure>\n\n\n\n<p class=\"has-blockme-black-color has-text-color has-link-color wp-elements-78d9a251b5bbe76d2cbca597936e3ee7\">Firefox:&nbsp;<a href=\"https:\/\/support.mozilla.org\/de\/kb\/cookies-erlauben-und-ablehnen\" target=\"_blank\" rel=\"noreferrer noopener\">https:\/\/support.mozilla.org\/de\/kb\/cookies-erlauben-und-ablehnen<\/a><\/p>\n\n\n\n<p class=\"has-blockme-black-color has-text-color has-link-color wp-elements-1f6b36cd21e29702910c20a3bdcc9041\">Chrome:&nbsp;<a href=\"https:\/\/support.google.com\/chrome\/answer\/95647?hl=de&amp;hlrm=en\" target=\"_blank\" rel=\"noreferrer noopener\">https:\/\/support.google.com\/chrome\/answer\/95647?hl=de&amp;hlrm=en<\/a><\/p>\n\n\n\n<p class=\"has-blockme-black-color has-text-color has-link-color wp-elements-eeca019a312aecf0e359c1de01f43418\">Safari:&nbsp;<a href=\"https:\/\/support.apple.com\/kb\/ph21411?locale=de_DE\" target=\"_blank\" rel=\"noreferrer noopener\">https:\/\/support.apple.com\/kb\/ph21411?locale=de_DE<\/a>&nbsp;\u00a7$\u00a7%<\/p>\n\n\n\n<p class=\"has-blockme-black-color has-text-color has-link-color wp-elements-5b8e8008b3ca4c23d6a6276a9da9e951\">Opera:&nbsp;<a href=\"http:\/\/help.opera.com\/Windows\/10.20\/de\/cookies.html\" target=\"_blank\" rel=\"noreferrer noopener\">http:\/\/help.opera.com\/Windows\/10.20\/de\/cookies.html<\/a><\/p>\n\n\n\n<p class=\"has-blockme-black-color has-text-color has-link-color wp-elements-c0b9458888d875ebf1c2d7a944346c03\">Bitte beachten Sie, dass bei Nichtannahme von Cookies die Funktionalit\u00e4t der Internetpr\u00e4senz eingeschr\u00e4nkt sein kann.<\/p>\n\n\n\n<p><strong>Webanalysedienste<\/strong><\/p>\n\n\n\n<p class=\"has-blockme-black-color has-text-color has-link-color wp-elements-522e225d02482769cbae3d3a06ea0231\"><strong>&#8211; Google Universal Analytics<\/strong>: Diese Website benutzt Google Analytics, einen Webanalysedienst der Google LLC, 1600 Amphitheatre Parkway, Mountain View, CA 94043, USA (&#8220;Google&#8221;). Google Analytics verwendet Cookies, und die eine Analyse der Benutzung der Website durch Sie erm\u00f6glichen. Die durch das Cookie erzeugten Informationen \u00fcber Ihre Benutzung dieser Website (einschlie\u00dflich der gek\u00fcrzten IP-Adresse) werden in der Regel an einen Server von Google in den USA \u00fcbertragen und dort gespeichert.<\/p>\n\n\n\n<p class=\"has-blockme-black-color has-text-color has-link-color wp-elements-e101928b1162b79034fceec27ace477d\">Diese Website verwendet Google Analytics ausschlie\u00dflich mit der Erweiterung &#8220;_anonymizeIp()&#8221;, die eine Anonymisierung der IP-Adresse durch K\u00fcrzung sicherstellt und eine direkte Personenbeziehbarkeit aus-schlie\u00dft. Durch die Erweiterung wird Ihre IP-Adresse von Google innerhalb von Mitgliedstaaten der Europ\u00e4ischen Union oder in anderen Vertragsstaaten des Abkommens \u00fcber den Europ\u00e4ischen Wirtschaftsraum zuvor gek\u00fcrzt. Nur in Ausnahmef\u00e4llen wird die volle IP-Adresse an einen Server von Google in den USA \u00fcbertragen und dort gek\u00fcrzt. In diesen Ausnahmef\u00e4llen erfolgt diese Verarbeitung gem\u00e4\u00df Art. Artikel 6 Abs. (1) lit. f der DSGVO auf Grundlage unseres berechtigten Interesses an der statistischen Analyse des Nutzerverhaltens zu Optimierungs- und Marketingzwecken.<\/p>\n\n\n\n<p class=\"has-blockme-black-color has-text-color has-link-color wp-elements-eb0d190353e343b3bcf69a4382c3a54a\">In unserem Auftrag wird Google diese Informationen benutzen, um Ihre Nutzung der Website auszuwerten, um Reports \u00fcber die Websiteaktivit\u00e4ten zusammenzustellen und um weitere mit der Websitenutzung und der Internetnutzung verbundene Dienstleistungen mir gegen\u00fcber zu erbringen. Die im Rahmen von Google Analytics von Ihrem Browser \u00fcbermittelte IP-Adresse wird nicht mit anderen Daten von Google zusammengef\u00fchrt.&nbsp;\u00a7$\u00a7%<\/p>\n\n\n\n<p class=\"has-blockme-black-color has-text-color has-link-color wp-elements-0e27455b96802218d2a2edf207c9575a\">Sie k\u00f6nnen die Erfassung der durch das Cookie erzeugten und auf Ihre Nutzung der Website bezogenen Daten (inkl. Ihrer IP-Adresse) an Google sowie die Verarbeitung dieser Daten durch Google verhindern, indem Sie das unter dem folgenden Link verf\u00fcgbare Browser-Plugin herunterladen und installieren:&nbsp;<a href=\"http:\/\/tools.google.com\/dlpage\/gaoptout?hl=de\" target=\"_blank\" rel=\"noreferrer noopener\">http:\/\/tools.google.com\/dlpage\/gaoptout?hl=de<\/a><\/p>\n\n\n\n<p class=\"has-blockme-black-color has-text-color has-link-color wp-elements-7694d64d26460dfcaef6c5ea1f65632a\">Google LLC mit Sitz in den USA ist f\u00fcr das us-europ\u00e4ische Datenschutz\u00fcbereinkommen \u201ePrivacy Shield\u201c zertifiziert, welches die Einhaltung des in der EU geltenden Datenschutzniveaus gew\u00e4hrleistet.<\/p>\n\n\n\n<p class=\"has-blockme-black-color has-text-color has-link-color wp-elements-ec723158edae7e6d850a0d3b2d99f513\">Mehr Informationen zum Umgang mit Nutzerdaten bei Google Analytics finden Sie in der Datenschutzer-kl\u00e4rung von Google:&nbsp;<a href=\"https:\/\/support.google.com\/analytics\/answer\/6004245?hl=de\" target=\"_blank\" rel=\"noreferrer noopener\">https:\/\/support.google.com\/analytics\/answer\/6004245?hl=de<\/a><\/p>\n\n\n\n<p class=\"has-blockme-black-color has-text-color has-link-color wp-elements-ec3f898afbb909446d478a2263151b67\"><strong>Matomo (ehemals Piwik)<\/strong>: Auf dieser Website werden unter Einsatz der Webanalysedienst-Software Matomo (www.matomo.org), einem Dienst des Anbieters InnoCraft Ltd., 150 Willis St, 6011 Wellington, Neuseeland, (\u201eMataomo\u201c) auf Basis unseres berechtigten Interesses an der statistischen Analyse des Nutzerverhaltens zu Optimie-rungs- und Marketingzwecken gem\u00e4\u00df Art. 6 Abs. 1 lit. f DSGVO Daten gesammelt und gespeichert. Aus diesen Daten k\u00f6nnen zum selben Zweck pseudonymisierte Nutzungsprofile erstellt und ausgewertet werden. Hierzu k\u00f6nnen Cookies eingesetzt werden. Die durch das Cookie erzeugten Informationen im pseudonymen Nutzerprofil werden nicht dazu benutzt, den Besucher dieser Website pers\u00f6nlich zu identifizieren und nicht mit personenbezogenen Daten \u00fcber den Tr\u00e4ger des Pseudonyms zusammengef\u00fchrt.<\/p>\n\n\n\n<p class=\"has-blockme-black-color has-text-color has-link-color wp-elements-9c2fa4c85a4d97db5a6e026a58bd4188\">Wenn Sie mit der Speicherung und Auswertung dieser Daten aus Ihrem Besuch nicht einverstanden sind, dann k\u00f6nnen Sie der Speicherung und Nutzung nachfolgend per Mausklick jederzeit widersprechen. In diesem Fall wird in Ihrem Browser ein sogenanntes Opt-Out-Cookie abgelegt, was zur Folge hat, dass Matomo keinerlei Sitzungsdaten erhebt. Bitte beachten Sie, dass die vollst\u00e4ndige L\u00f6schung Ihrer Cookies zur Folge hat, dass auch das Opt-Out-Cookie gel\u00f6scht wird und ggf. von Ihnen erneut aktiviert werden muss.<\/p>\n\n\n\n<p class=\"has-blockme-black-color has-text-color has-link-color wp-elements-c666631c54a8238447a97a3d41b608e4\"><strong>WordPress Stats<\/strong>: Diese Website nutzt das WordPress Tool Stats um Besucherzugriffe statistisch auszuwerten. Anbieter ist die Automattic Inc., 60 29th Street #343, San Francisco, CA 94110-4929, USA.<\/p>\n\n\n\n<p class=\"has-blockme-black-color has-text-color has-link-color wp-elements-004c647316ae6d17752ba9c5522be17f\">WordPress Stats verwendet Cookies, die auf Ihrem Computer gespeichert werden und die eine Analyse der Benutzung der Website erlauben. Die durch die Cookies generierten Informationen \u00fcber die Benutzung unserer Webseite werden auf Servern in den USA gespeichert. Ihre IP-Adresse wird nach der Verarbeitung und vor der Speicherung anonymisiert.<\/p>\n\n\n\n<p class=\"has-blockme-black-color has-text-color has-link-color wp-elements-9f8ca70a0f1f8962768acbe777921ef8\">Sie k\u00f6nnen Ihren Browser so einstellen, dass Sie \u00fcber das Setzen von Cookies informiert werden und Cookies nur im Einzelfall erlauben, die Annahme von Cookies f\u00fcr bestimmte F\u00e4lle oder generell ausschlie\u00dfen sowie das automatische L\u00f6schen der Cookies beim Schlie\u00dfen des Browsers aktivieren. Bei der Deaktivierung von Cookies kann die Funktionalit\u00e4t unserer Webseite eingeschr\u00e4nkt sein.<\/p>\n\n\n\n<p class=\"has-blockme-black-color has-text-color has-link-color wp-elements-6b7191ff680eb60bdaf2a4466e5a9857\">Sie k\u00f6nnen der Erhebung und Nutzung Ihrer Daten f\u00fcr die Zukunft widersprechen, indem Sie mit einem Klick auf diesen Link einen Opt-Out-Cookie in Ihrem Browser setzen:&nbsp;<a href=\"https:\/\/www.quantcast.com\/opt-out\/\" target=\"_blank\" rel=\"noreferrer noopener\">https:\/\/www.quantcast.com\/opt-out\/<\/a>&nbsp;Wenn Sie die Cookies auf Ihrem Rechner l\u00f6schen, m\u00fcssen Sie den Opt-Out-Cookie erneut setzen.<\/p>\n\n\n\n<p><strong>Ihr Recht auf Auskunft, Widerruf L\u00f6schung und Beschwerde<\/strong><\/p>\n\n\n\n<p class=\"has-blockme-black-color has-text-color has-link-color wp-elements-4af460ac3256524bc6744dd4d2f0f01b\">Sie haben jederzeit das Recht, auf Auskunft \u00fcber Ihre von uns verarbeiteten personenbezogenen Daten, die Verarbeitungszwecke und Kategorien dieser Daten sowie deren Herkunft, Zweck der Speicherung, Empf\u00e4nger oder Kategorien von Empf\u00e4ngern, an die diese Daten ggf. weitergegeben wurden oder werden.<\/p>\n\n\n\n<p class=\"has-blockme-black-color has-text-color has-link-color wp-elements-bf5eef7e2b683aa5e974ba22d71987f3\">Sie haben gem\u00e4\u00df Artikel 20 DSGVO das Recht, Ihre personenbezogenen Daten, die Sie uns zur Verf\u00fcgung gestellt haben, in einem strukturierten, g\u00e4ngigen und maschinenlesebaren Format zu erhalten oder die \u00dcbermittlung an einen anderen Verantwortlichen zu verlangen, sofern dies technisch machbar ist.<\/p>\n\n\n\n<p class=\"has-blockme-black-color has-text-color has-link-color wp-elements-069d8a46885ba1270c6cb3db6b3bae23\">Sind Ihre erhobenen Daten falsch, unvollst\u00e4ndig oder m\u00fcssen aktualisiert werden, Sie haben ein Recht auf unverz\u00fcgliche Berichtigung der betreffenden Daten.\u00a7$\u00a7%<\/p>\n\n\n\n<p class=\"has-blockme-black-color has-text-color has-link-color wp-elements-b2c080c6e7d58a635bbd989142c3d7c8\">Entsprechend Artikel 7 Abs. 3 DSGVO haben Sie das Recht, eine einmal erteilte Einwilligung in die Verarbeitung von Daten jederzeit mit Wirkung f\u00fcr die Zukunft zu widerrufen. Im Falle des Widerrufs werden wir die betroffenen Daten unverz\u00fcglich l\u00f6schen, sofern eine weitere Verarbeitung nicht auf eine Rechtsgrundlage zur einwilligungslosen Verarbeitung gest\u00fctzt werden kann. Durch den Widerruf der Einwilligung wird die Rechtm\u00e4\u00dfigkeit der aufgrund der Einwilligung bis zum Widerruf erfolgten Verarbeitung nicht ber\u00fchrt.<\/p>\n\n\n\n<p class=\"has-blockme-black-color has-text-color has-link-color wp-elements-c463a1bcf43b2fd84b3b86a80767d7b5\">Sie haben das Recht auf L\u00f6schung Ihrer personenbezogenen Daten bei Vorliegen der Voraussetzungen des Artikel 17 Abs. 1 DSGVO. Dieses Recht besteht jedoch dann nicht, wenn diese zur Erf\u00fcllung einer rechtlichen Verpflichtung, aus Gr\u00fcnden des \u00f6ffentlichen Interesses oder zur Geltendmachung, Aus\u00fcbung oder Verteidigung von Rechtsanspr\u00fcchen erforderlich ist.<\/p>\n\n\n\n<p class=\"has-blockme-black-color has-text-color has-link-color wp-elements-24af3ab9788ff0ed901ae02165a3704a\">Sollten Sie der Meinung sein, dass ein Versto\u00df gegen die DSGVO in Bezug auf die Verarbeitung Ihrer personenbezogenen Daten vorliegt, k\u00f6nnen Sie Beschwerde bei einer Aufsichtsbeh\u00f6rde einreichen.<\/p>\n\n\n\n<ul class=\"has-blockme-black-color has-text-color has-link-color wp-elements-0e61e6f6b4e7605c588235cdd048f2f7\">\n<li><\/li>\n<\/ul>\n","protected":false},"excerpt":{"rendered":"<p>Erkl\u00e4rung zum Datenschutz Allgemeines Als Anbieter von IT-Dienstleistungen sehen wir es als unsere Pflicht an, die Daten unserer Kunden, Interessenten und den Besuchern unserer Internetpr\u00e4senz&#8230;<\/p>\n","protected":false},"author":1,"featured_media":0,"parent":0,"menu_order":0,"comment_status":"closed","ping_status":"closed","template":"","meta":{"_EventAllDay":false,"_EventTimezone":"","_EventStartDate":"","_EventEndDate":"","_EventStartDateUTC":"","_EventEndDateUTC":"","_EventShowMap":false,"_EventShowMapLink":false,"_EventURL":"","_EventCost":"","_EventCostDescription":"","_EventCurrencySymbol":"","_EventCurrencyCode":"","_EventCurrencyPosition":"","_EventDateTimeSeparator":"","_EventTimeRangeSeparator":"","_EventOrganizerID":[],"_EventVenueID":[],"_OrganizerEmail":"","_OrganizerPhone":"","_OrganizerWebsite":"","_VenueAddress":"","_VenueCity":"","_VenueCountry":"","_VenueProvince":"","_VenueState":"","_VenueZip":"","_VenuePhone":"","_VenueURL":"","_VenueStateProvince":"","_VenueLat":"","_VenueLng":"","_VenueShowMap":false,"_VenueShowMapLink":false,"footnotes":""},"_links":{"self":[{"href":"https:\/\/swim-time.de\/index.php?rest_route=\/wp\/v2\/pages\/3"}],"collection":[{"href":"https:\/\/swim-time.de\/index.php?rest_route=\/wp\/v2\/pages"}],"about":[{"href":"https:\/\/swim-time.de\/index.php?rest_route=\/wp\/v2\/types\/page"}],"author":[{"embeddable":true,"href":"https:\/\/swim-time.de\/index.php?rest_route=\/wp\/v2\/users\/1"}],"replies":[{"embeddable":true,"href":"https:\/\/swim-time.de\/index.php?rest_route=%2Fwp%2Fv2%2Fcomments&post=3"}],"version-history":[{"count":3,"href":"https:\/\/swim-time.de\/index.php?rest_route=\/wp\/v2\/pages\/3\/revisions"}],"predecessor-version":[{"id":160,"href":"https:\/\/swim-time.de\/index.php?rest_route=\/wp\/v2\/pages\/3\/revisions\/160"}],"wp:attachment":[{"href":"https:\/\/swim-time.de\/index.php?rest_route=%2Fwp%2Fv2%2Fmedia&parent=3"}],"curies":[{"name":"wp","href":"https:\/\/api.w.org\/{rel}","templated":true}]}}